z**2 + 5*z + 2. Let n be 14/(-7) - 0/(-1). Let d be 1 - 3*n/(-1). What is the units digit of v(d)?
2
Let b(t) = t - 10. Let w be b(6). Let a = -10 + 9. What is the units digit of (-2)/w*(a + 5)?
2
Suppose -2*l = -l - 9. Suppose -v + l = -2*v. What is the units digit of v/(-3) + -2 + 5?
6
Let s be (3332/6)/((-6)/(-18)). What is the units digit of (-2)/(-8) + s/56?
0
Let o(k) = -9*k + 1. Let w be o(-1). Let u(z) = 17*z**3 + z**2 - 2*z + 1. Let v be u(1). Let x = v - w. What is the units digit of x?
7
Let y = 93 + -31. What is the tens digit of y?
6
What is the units digit of (-20)/(-6)*3 + (0 - -2)?
2
Let y(r) = 1 + 2*r**2 + 0*r**2 - 6*r**2 - r**3 - 2*r**2. What is the units digit of y(-6)?
1
What is the units digit of 6/27 - (-25)/9?
3
Suppose -4*s + 50 = -2*c + 174, 4*c + 5*s - 196 = 0. What is the units digit of c?
4
Suppose -6*s + 2*s + 284 = 0. What is the tens digit of s?
7
Suppose -12 = 3*v - 243. What is the units digit of v?
7
Let d(h) = -39*h. What is the hundreds digit of d(-3)?
1
Let f be (-1 - -22) + (2 - -1). What is the units digit of (f + 0)*(-1)/(-3)?
8
Let q(u) = -13*u. What is the tens digit of q(-1)?
1
Let i(s) = -5*s - s**3 - 4*s**2 - 2 - s**2 + s. Let c be i(-5). What is the units digit of c*(-2)/(-4) - -1?
0
Suppose -3*v + 3 = 0, -v + 4 = -5*m - 2. Let f be (6/8)/(m/(-8)). What is the units digit of (4*f/(-4))/(-1)?
6
Let f(o) = -19*o + 98. What is the hundreds digit of f(-9)?
2
Suppose 0 = 18*m - 6*m - 1020. What is the tens digit of m?
8
Let n(p) = p**2 + 9*p - 5. Suppose 4*m - 12 = 2*r, 3*m - 7*m = 3*r + 38. Let f be n(r). Let k = -4 + f. What is the units digit of k?
1
Suppose -2*w + 0 = -2. Suppose -3*s + w = -4*q, 0 = -q + 2*q + 5*s - 17. What is the tens digit of (q/3)/((-5)/(-75))?
1
Suppose -18*b + 30 = -13*b. What is the units digit of b?
6
Let p(c) = -25*c - 4. What is the units digit of p(-2)?
6
Let b(o) = o**3 - 21*o**2 - 13*o - 14. What is the tens digit of b(22)?
8
Suppose 144 = 7*l - 199. What is the tens digit of l?
4
What is the units digit of 5*(1 + 0 - -1 - -2)?
0
Let d(g) be the first derivative of g**2/2 + 5*g - 2. What is the tens digit of d(6)?
1
Let w(r) = r**3 - 7*r**2 - 8*r - 2. Let h be w(8). What is the units digit of h/(-6) + 26/3?
9
Let s be (-6)/15 + (-24)/(-10). Let n(b) be the second derivative of b**3/2 + 3*b. What is the units digit of n(s)?
6
Let l(p) = -p**2 - 11*p - 8. What is the tens digit of l(-8)?
1
Suppose 4*l - 12 = -l - 2*d, 5*l = 3*d + 7. What is the units digit of (l/2)/((-2)/(-14))?
7
Let f(w) = 2*w**3 - 25*w**2 + 24*w + 36. Let j(q) = -q**3 + 13*q**2 - 12*q - 18. Let l(b) = 3*f(b) + 7*j(b). What is the units digit of l(15)?
7
Let w = 2 - -3. What is the units digit of w?
5
Suppose -4*p + 49 = -5*w, w = -3*p + p + 35. What is the units digit of p?
6
Suppose -25 = t - 74. What is the tens digit of t?
4
Let w = -4 + 6. Suppose s - 2*y = -3*y - 2, s + 2*y = -w. Let v = s + 3. What is the units digit of v?
1
Let q(i) = i**2 - i - 2. Let m be q(-2). Suppose m*o - 24 = -0*o. Suppose 0*b + b - o = 0. What is the units digit of b?
6
Let d(x) = -x + 11. Let l(n) = -10. Let q(u) = -2*d(u) - 3*l(u). What is the units digit of q(4)?
6
Let d(r) = 9*r - 4. Let x be d(6). Suppose -3*i + x + 1 = 0. What is the tens digit of i?
1
Let u(y) = y**2 + 7*y - 9. What is the tens digit of u(5)?
5
Let i be (10/4)/((-2)/(-52)). Let x = i - 46. What is the units digit of x?
9
Let v = -1 - -1. Let t = v - -1. Let d = t - -1. What is the units digit of d?
2
Let c = 16 + 28. Suppose 4*n - c = 2*j, 0 = -0*n + n + 4*j + 7. What is the units digit of ((-3)/n)/(2/(-30))?
5
Let t = -43 - -19. What is the units digit of 1/(2 - (-46)/t)?
2
Let u(c) = c**3 - 4*c**2 + c - 1. Let k be u(4). Suppose -4*s + s - k = 0. What is the units digit of (3 + s)*(-17)/(-2)?
7
Let u(o) = o**3 + 9*o**2 - 13*o + 18. What is the tens digit of u(-10)?
4
What is the tens digit of 18/144 + 1615/8?
0
Suppose 3*s + 2*w - 328 = 0, 5*w + 2 = 3*s - 312. Suppose -8 + s = 4*t. What is the units digit of t?
5
Let n(o) = 2*o - 7. Let i be n(5). Let b = i + 16. What is the tens digit of b?
1
Let p be ((-1)/1 - -2) + -2. What is the units digit of p/(-1) + (-12)/(-3)?
5
Suppose -4*i + 5 - 1 = 0. Suppose r - 10 + i = 0. What is the units digit of r?
9
Let k be (0/(-1 + 4))/2. Suppose k*c = 2*c + 32. Let t = -6 - c. What is the tens digit of t?
1
Let v(y) = y + 10. Let g = -9 - -4. Let w be v(g). Suppose 0 = 3*j - 10 - w. What is the units digit of j?
5
What is the tens digit of 1 - (4 - (75 - 1))?
7
Let s = -1 + 5. Suppose 2*v - s*a - 20 = 0, -5*v - 4*a = -9*a - 75. Suppose -4 = -2*o + v. What is the tens digit of o?
1
Suppose -3*y - 3*s = -2*y + 9, -3*y + 3*s = -33. What is the units digit of y?
6
Suppose -12*u - 85 = -17*u. What is the units digit of u?
7
What is the tens digit of 5/((8/(-14))/(-4))?
3
Let v = 13 + -18. Let n = 4 - v. What is the units digit of n?
9
Let o be 1*5 + (-24)/8. Suppose -23 = -o*l + 19. What is the tens digit of l?
2
Let o(f) = 6*f - 1. What is the units digit of o(5)?
9
Suppose -4*u - 4*s + 12 = 0, 2*s = -5*u + 7 + 5. Suppose -w - u*w = -15. Let l = 22 - w. What is the units digit of l?
7
Suppose -6 = -4*y + 2*y. Let i(l) = -2*l - 2*l + 2*l**3 + y*l. What is the units digit of i(1)?
1
Let a be 2*1*63/14. Let p = 0 + a. What is the units digit of p?
9
Suppose -4*f + 4*j + 20 = -28, -2 = j. Let c = f + -5. What is the units digit of c?
5
What is the units digit of (-8)/28 - 1/7*-401?
7
What is the units digit of (-19 + 4)*12/(-5)?
6
Let h(x) = 2*x**2 - 7*x - 2. Let a be h(4). What is the units digit of ((-205)/(-15))/(a/6)?
1
Suppose -2*r - 41 = -3*r. What is the tens digit of r?
4
What is the tens digit of ((-4)/1)/(22/(-319))?
5
Suppose -2*a + 4*x + 186 = 0, 13*a - 14*a + 103 = -4*x. What is the tens digit of a?
8
Suppose 0 = -3*d - d - 4. Let v(a) = 2*a - a + 5*a**2 + a**2. What is the units digit of v(d)?
5
Suppose -2*o + 5*o - 43 = 5*y, -5*o + 50 = -4*y. Suppose o*u - u = 25. Suppose 0 = 2*d + u*k + 10, -d = k + 2*k + 7. What is the units digit of d?
5
Let j be -1 - 1 - (-3 + 5). What is the units digit of 0 - (5 - 2)*j?
2
Suppose 36 = 2*m - 4. What is the units digit of m?
0
Suppose 4*n + 5*z - 358 + 62 = 0, 3*n + z - 222 = 0. What is the tens digit of n?
7
Let v be 2/(1*(-4)/(-14)). Let r = -4 + v. What is the units digit of r?
3
Let y be (8/(-12))/(6/9). Let f be (-13)/y + 0 - 3. Let x = f - 7. What is the units digit of x?
3
Suppose -u + 2*m - 5 = 0, -5*u + 5*m = 2*m + 11. Let v = u + 3. Suppose -v*f + 7 + 5 = 0. What is the units digit of f?
6
Let c(r) = 2*r**2 - 2*r. What is the units digit of c(-3)?
4
Let k(z) = z + 21. Let h be k(0). Let d = h - 9. Let f = d + -7. What is the units digit of f?
5
Let o(q) = 6*q - 5. What is the tens digit of o(8)?
4
Suppose 5*l - 10*l + 520 = 0. What is the units digit of l?
4
Let f be (-66)/(-4) - 1/2. Suppose 2*d = -0*d + 5*u + 7, f = 3*d - 2*u. What is the units digit of d?
6
Let b be (-4)/(16/10)*-2. Suppose b*x - 3*r + 14 - 52 = 0, -x + 22 = 3*r. Suppose w = 2*w - x. What is the tens digit of w?
1
Let j(q) = -4*q**2 - 3*q**3 + 4*q - 1 - 4*q + 2*q**3 + 4*q. What is the units digit of j(-5)?
4
Let b(r) = -r**2 - 7*r + 1. Let d be b(-5). Suppose 0 = -3*x + 4*x - 23. Suppose -2*z + 18 = 5*a - d, -z + 5*a - x = 0. What is the units digit of z?
2
Let z be 1*(83 + 3/1). Suppose 0 = -5*r - 10, z = 5*j - 3*r. What is the units digit of j?
6
Let d(t) = -43*t - 2. What is the units digit of d(-2)?
4
Let o(i) = 4*i - 2*i + i**2 - 179 + 170. What is the units digit of o(4)?
5
Suppose 3*p + p = -u + 22, 0 = 3*u - p - 1. Suppose y = u*y - 22. What is the units digit of y?
2
Let o(v) = -v**2 + 4*v - 4. Let d be o(4). Let w(p) = -p**2 - 4*p + 4. Let b be w(d). What is the tens digit of b/14 + (-136)/(-14)?
1
Suppose 5*l + 114 - 464 = 0. Let p = -45 + l. What is the units digit of p?
5
Suppose 0 = -3*f + 7 - 1. Let j be 24/(-2)*2/(-4). Suppose f*n - n = j. What is the units digit of n?
6
Let a = -3 - -4. Let j be 19 + a + 4/(-2). Suppose 0*g = -3*g + j. What is the units digit of g?
6
Let p(j) = j**3 + 2*j**2 - 5*j - 2. Let a be p(-3). Suppose a*n - 30 = -2*k, 2*k - 3*n = -3*k + 49. What is the units digit of k?
1
Suppose -4*c + 2*d + 36 = -2*d, 31 = 3*c - 4*d. Suppose y - 31 - 